t g(z) = 6*z + 43. Let k be g(-6). Let r(j) = 8*j**2 + 8. What is the hundreds digit of r(k)?
4
Let f = 8813 + -3586. What is the thousands digit of f?
5
What is the units digit of 6*6/54*(7 - -117662)?
6
Suppose -5*c = -639 - 2711. Suppose 0 = 5*f - 2020 - c. What is the units digit of f?
8
Let l = -79629 - -149951. What is the hundreds digit of l?
3
Let g(u) = u**3 + 2*u**2 - 2*u + 3. Let c be g(-3). Suppose c = -4*v + 9*v - 20. Suppose -r + 82 = k + 17, -r - v = 0. What is the tens digit of k?
6
Let f(q) = 25*q**3 + 5*q**2 + 27*q - 53. What is the thousands digit of f(9)?
8
Let p be (15/(-9))/((-4)/(-6) + -1). Suppose p*f = 1746 + 964. What is the units digit of f/8 + 10/40?
8
Let o = -19302 - -35052. What is the tens digit of o?
5
Let g(k) be the first derivative of k**5/4 - 7*k**4/4 + 10*k**3 + 24. Let a(q) be the third derivative of g(q). What is the tens digit of a(4)?
7
Let l(r) = 22*r**2 - 94*r + 24. What is the units digit of l(20)?
4
Suppose 116 = -l - 2*m + 7*m, 0 = 4*l + m + 359. Let h = -38 - l. Let q = 12 + h. What is the tens digit of q?
6
Suppose -2896837 - 5704243 = 81*k - 265*k. What is the tens digit of k?
4
Suppose 3*h + 2*x + 10 = -h, 6 = -3*h - x. What is the units digit of -2 - 0 - h/((-1)/(-240))?
8
What is the hundreds digit of (-1)/(-3) + -1 - 50/60*-11498?
5
Let a(v) = 2736*v**2 + 64*v + 4. What is the hundreds digit of a(-3)?
4
Let i(z) = -5*z - 20. Let x be i(-5). Let b be (-18)/x*(-1360)/32. Let n = 225 - b. What is the tens digit of n?
7
Suppose 33 + 51 = -7*h. Let l be (33/(-12) - -3)/((-1)/h). Suppose -l*y - 101 = -3*q - 329, -4*q = -y + 79. What is the units digit of y?
5
Let l be 2 + -5 + (148 - -12). Suppose -15*p + 203 = -l. What is the tens digit of p?
2
Suppose 2*i - 5*c - 25697 = 0, 0 = 3*i + c - 18052 - 20553. What is the hundreds digit of i?
8
Suppose -26*t + 28*t - p - 91 = 0, -t - 3*p = -49. What is the tens digit of (3427/t)/(2/4)?
4
What is the units digit of (31024/42 + 6)*(1 + (13 - -4))?
4
What is the units digit of -12*((5/(-2))/(-5))/(-1) + 7652?
8
Let f(a) = a**3 + 7*a**2 + a + 5. Let g be f(-7). What is the units digit of -2 - (-4 + -379) - (-1 - g)?
0
Let n be 10/4*(-72)/(-90). Suppose -i + 4*i = 15, n*c - 713 = 5*i. What is the tens digit of c?
6
Let b(y) = y**3 - 7*y**2 + 6*y + 10. Let n be b(6). Suppose -n*u - 14 = 46. What is the tens digit of (-2)/u - (-548)/12?
4
Let x(w) be the third derivative of w**8/672 + w**7/5040 - 8*w**5/15 - 10*w**2. Let n(u) be the third derivative of x(u). What is the tens digit of n(2)?
2
Let f(d) = 14*d**2 + 148*d + 81. Let v be f(-10). Let c be (14/6)/((-1)/3). What is the tens digit of 30 - ((c - -2) + v)?
3
Let u = 273 + 490. What is the units digit of u?
3
Suppose -z = -3*r - 7845, 5*r = 9*z - 15*z + 47047. What is the units digit of z?
2
Suppose 7*b + 144 = -5*b. What is the units digit of (-2 + (-24)/(-7))*(-5 - b)?
0
Let f(w) = -7*w**2 - 1 - 4*w**2 + 23*w**3 + 12*w**2. Suppose 0 = -r - 4*t + 13, 0*r - 5*r = 2*t - 11. What is the tens digit of f(r)?
2
Let n(u) = -2*u**2 + 16*u - 10. Let s(v) = -3*v**2 - 9 + 16*v - 1 + v**2. Let g(w) = -3*n(w) + 2*s(w). What is the units digit of g(11)?
6
Let y(b) = 13 + 3*b - 12 - 2*b**2 - b + 3*b**2. Let q be y(-3). Suppose -5*z + 342 + 181 = 3*f, -q*z + 424 = f. What is the tens digit of z?
0
Let u be 161/(-35) + (-3)/(-5). Let m(z) = 3*z + 6 + 5*z + 5*z - 22*z. What is the units digit of m(u)?
2
Suppose -240 = 106*n + 14*n. Suppose g - 214 = -w, -66 - 160 = -g + 5*w. Let k = g + n. What is the tens digit of k?
1
Let y(s) = 3*s + 12. Let h = -43 + 39. Let w be y(h). Suppose 5*m = 5*j - 95, -2*j + 2*m + 3*m + 50 = w. What is the units digit of j?
5
Let w = 44 - -39. Let t be (-1)/(-3) - 462/9. Let l = t + w. What is the units digit of l?
2
Suppose 0 = 4*h - 0*h + 3*t - 32492, -3*h + 24369 = -3*t. What is the hundreds digit of h?
1
Let x(a) = -30*a**3 + a**2 - 3*a - 13. Let w be x(-3). Suppose 9*c = -w + 248. Let r = c + 141. What is the tens digit of r?
7
Let x(r) = -101*r - 132. Let a be x(9). Let t = -355 - a. What is the tens digit of t?
8
What is the thousands digit of ((-1)/2)/(-9 + 3 + (-164972)/(-27496))?
3
Suppose 2*r + 8 - 20 = 0. Suppose r + 9 = 5*l. Suppose l*i - 249 = 3*c, 5*c = i - 49 - 18. What is the units digit of i?
7
Let j = -10816 + 20081. What is the hundreds digit of j?
2
Let l be 0*4*5/(-40). Suppose -14*v - 2537 + 10839 = l. What is the tens digit of v?
9
Suppose 0*a + 390 = a. Suppose -28 = -2*m + 4*i, -i - 25 = -m - 4*m. Suppose m*t = a + 26. What is the hundreds digit of t?
1
Let i(j) = -44*j + 180. Let a be i(4). Suppose -a*h = 2*q - 5312, 3*h - 6889 = 5*q - 2905. What is the units digit of h?
8
Let g(z) = -17*z + 330. Let i be g(12). Let p = 603 + i. What is the hundreds digit of p?
7
Suppose 0 = 31*f + 46863 + 49939 - 516139. What is the ten thousands digit of f?
1
Suppose -3*v + 5*i = 4*i - 2396, -3197 = -4*v - i. Let r = v + -291. What is the tens digit of r?
0
Suppose -121*i + 635816 = -27*i. What is the thousands digit of i?
6
Let v(a) = -a**3 + 19*a**2 - 3*a - 15. Let j be v(18). Suppose 93 = -z + 4*s - 5*s, -3*z + 3*s = j. Let p = z + 191. What is the hundreds digit of p?
1
What is the ten thousands digit of -701*11/(((-30)/6)/10) - -7?
1
Suppose 3*f - 5*y = -8*y + 38604, 0 = -5*y - 15. What is the ten thousands digit of f?
1
Let p(b) = 309*b**2 + 78*b + 228. What is the units digit of p(-3)?
5
Let w be 546/((-114)/12 - -11). Let j be ((-8)/5)/((-6)/15). Suppose j*v - w = -3*v. What is the units digit of v?
2
Let g = -18218 + 46283. What is the ten thousands digit of g?
2
Suppose -5*l + 354 = 3*a, -3*l + 2*l - 5*a = -62. Suppose -v = 3*v - l. Let n = 49 - v. What is the units digit of n?
1
Suppose -97*m - 84*m + 190*m = 162342. What is the hundreds digit of m?
0
Suppose 3*w - 20 = -i, -5*w + 50 = 5*i - 0*i. Suppose -11 = w*l + 14, -l + 27 = m. Let p = m + -16. What is the tens digit of p?
1
Suppose -5*p + 10 = 0, -6*v - 2*p + 29 = -5*v. Let j = 27 - v. Suppose -j*t + 3*s + 624 = 2*t, 3*s + 318 = 2*t. What is the hundreds digit of t?
1
Suppose -3*l + 1288 = 5*w - 170, 1456 = 5*w + l. Let u(a) = -4*a**2 + 4*a - 164. Let b be u(0). Let f = b + w. What is the units digit of f?
7
Suppose -2*x + 18060 = -4*p - 47578, -5*x = -p - 164050. What is the tens digit of x?
0
Let o be 72520/(-70) - (1 + -4). Let p = o + 1238. What is the tens digit of p?
0
Let l(k) = k**3 + 75*k**2 + 116*k + 326. What is the thousands digit of l(-70)?
6
Suppose -39*f - 2520 = -51*f. Suppose f*t = 200*t + 17570. What is the units digit of t?
7
Suppose -6*u = 173 + 439. Let m = 99 + u. What is the tens digit of -3 + 5 + m + 99?
9
Let x be (29/(-2))/(8/(-96)). Let k = -97 - -12. Let n = k + x. What is the units digit of n?
9
What is the units digit of 14125 - 13/91*91?
2
Suppose -4*v + 110 = l, 2*v - 3*l - 29 = 19. Let b(p) = 2*p**2 - 7*p - 70. What is the thousands digit of b(v)?
1
Let p = 25 - 4. Suppose -k = 2*k - p. Suppose -4*w = -k*w + 195. What is the tens digit of w?
6
Let c(p) = 5*p**2 - 8*p - 9. Let y be c(-1). What is the units digit of 6 - 27/y - 26195/(-20)?
9
Suppose v - 55 = -50. Let f be v/(-30) + 196/24. Let y(c) = c**2 - 7*c + 4. What is the units digit of y(f)?
2
Let q be (6 - -6)/(-6)*4. Let s(j) be the second derivative of -j**4/6 - 4*j**3 - 6*j**2 - j. What is the units digit of s(q)?
2
Suppose 50*u = 6*u + 101508. What is the units digit of u?
7
Let y = 34 + 213. Suppose 11 = 5*i + 2*k, -i - 3*k + 3 = 2*i. Suppose 4*n + 65 = -i*b + 386, 3*n = 4*b + y. What is the units digit of n?
1
Let c(o) be the second derivative of 41*o**4/6 + o**3/6 + o**2 - 125*o. What is the units digit of c(-3)?
7
Suppose 92651 = 58*v - 23871. Suppose -723 = -4*x + v. What is the tens digit of x?
8
Let g be (-1 - -3) + (4192 - (8 - 4)). Suppose l = 11*l - g. What is the units digit of l?
9
Suppose -17 + 5 = -4*p + 4*u, -2*u - 6 = p. Suppose p = 5*y - 91 + 766. What is the units digit of (-4)/10*2*y?
8
Let s be 12/3 - (51 - 51). Let k = -3 + 2. What is the units digit of (-20 + s)*2/k?
2
Let k = 14141 + -4695. What is the thousands digit of k?
9
Let c(i) = 3*i**3 - 14*i**2 + 20*i. Let o(k) = k**3 + 8*k**2 - 10*k - 1. Let f be o(-9). What is the tens digit of c(f)?
0
Suppose -68 + 62 = -o. Let g(w) = 5*w + 79. What